{"id":102,"date":"2017-05-25T21:37:20","date_gmt":"2017-05-25T21:37:20","guid":{"rendered":"http:\/\/apa-smm.esy.es\/?page_id=102"},"modified":"2024-05-03T10:10:52","modified_gmt":"2024-05-03T08:10:52","slug":"junta-directiva","status":"publish","type":"page","link":"https:\/\/apasantamariadelmar.org\/ApaSMM\/junta-directiva\/","title":{"rendered":"Junta Directiva"},"content":{"rendered":"<p style=\"text-align: left;\">La\u00a0composici\u00f3n de la Junta Directiva est\u00e1 formada por:<\/p>\n<table style=\"width: 100%; height: 1204px;\">\n<tbody>\n<tr style=\"height: 152px;\">\n<td style=\"width: 15%; height: 152px;\"><img loading=\"lazy\" decoding=\"async\" class=\"alignnone size-full wp-image-523\" src=\"https:\/\/apasantamariadelmar.org\/ApaSMM\/wp-content\/uploads\/MiembrosAPA\/Fotos\/Foto.png\" alt=\"\" width=\"185\" height=\"225\" \/><\/td>\n<td style=\"width: 84.0477%; height: 152px;\">Loreto G\u00f3mez Tellado<\/p>\n<p>Presidenta<\/td>\n<\/tr>\n<tr style=\"height: 152px;\">\n<td style=\"width: 15%; height: 152px;\"><img loading=\"lazy\" decoding=\"async\" class=\"alignnone size-full wp-image-523\" src=\"https:\/\/apasantamariadelmar.org\/ApaSMM\/wp-content\/uploads\/MiembrosAPA\/Fotos\/Foto.png\" alt=\"\" width=\"185\" height=\"225\" \/><\/td>\n<td style=\"width: 84.0477%; height: 152px;\">Beatriz Ares Castro<\/p>\n<p>Secretaria<\/td>\n<\/tr>\n<tr style=\"height: 152px;\">\n<td style=\"width: 15%; height: 152px;\"><img loading=\"lazy\" decoding=\"async\" class=\"alignnone size-full wp-image-523\" src=\"https:\/\/apasantamariadelmar.org\/ApaSMM\/wp-content\/uploads\/MiembrosAPA\/Fotos\/Foto.png\" alt=\"\" width=\"185\" height=\"225\" \/><\/td>\n<td style=\"width: 84.0477%; height: 152px;\">Marina de la Cuesta Sanjurjo<\/p>\n<p>Vicesecretaria<\/td>\n<\/tr>\n<tr style=\"height: 170px;\">\n<td style=\"width: 15%; height: 170px;\"><img loading=\"lazy\" decoding=\"async\" class=\"alignnone size-full wp-image-523\" style=\"margin-bottom: 15%;\" src=\"https:\/\/apasantamariadelmar.org\/ApaSMM\/wp-content\/uploads\/MiembrosAPA\/Fotos\/Foto.png\" alt=\"\" width=\"185\" height=\"225\" \/><\/td>\n<td style=\"width: 84.0477%; height: 170px;\">\u00c1ngeles Trabadela Rodr\u00edguez<\/p>\n<p>Tesorera<\/td>\n<\/tr>\n<tr style=\"height: 170px;\">\n<td style=\"width: 15%; height: 170px;\"><img loading=\"lazy\" decoding=\"async\" class=\"alignnone size-full wp-image-523\" style=\"margin-bottom: 15%;\" src=\"https:\/\/apasantamariadelmar.org\/ApaSMM\/wp-content\/uploads\/MiembrosAPA\/Fotos\/Foto.png\" alt=\"\" width=\"185\" height=\"225\" \/><\/td>\n<td style=\"width: 84.0477%; height: 170px;\">\u00darsula Mart\u00ednez Fern\u00e1ndez<\/p>\n<p>Contadora<\/td>\n<\/tr>\n<tr style=\"height: 164px;\">\n<td style=\"width: 15%; height: 164px;\"><img loading=\"lazy\" decoding=\"async\" class=\"alignnone size-full wp-image-523\" src=\"https:\/\/apasantamariadelmar.org\/ApaSMM\/wp-content\/uploads\/MiembrosAPA\/Fotos\/Foto.png\" alt=\"\" width=\"185\" height=\"225\" \/><\/td>\n<td style=\"width: 84.0477%; height: 164px;\">Francisco G\u00f3mez Pose<\/p>\n<p>Vocal<\/td>\n<\/tr>\n<tr style=\"height: 23px;\">\n<td style=\"width: 15%; height: 23px;\"><img loading=\"lazy\" decoding=\"async\" class=\"alignnone size-full wp-image-523\" src=\"https:\/\/apasantamariadelmar.org\/ApaSMM\/wp-content\/uploads\/MiembrosAPA\/Fotos\/Foto.png\" alt=\"\" width=\"185\" height=\"225\" \/><\/td>\n<td style=\"width: 84.0477%; height: 23px;\">I\u00f1aki Cubillo Bueno<\/p>\n<p>Vocal<\/td>\n<\/tr>\n<\/tbody>\n<\/table>\n","protected":false},"excerpt":{"rendered":"<p>La\u00a0composici\u00f3n de la Junta Directiva est\u00e1 formada por: Loreto G\u00f3mez Tellado Presidenta Beatriz Ares Castro Secretaria Marina de la Cuesta Sanjurjo Vicesecretaria \u00c1ngeles Trabadela Rodr\u00edguez Tesorera \u00darsula Mart\u00ednez Fern\u00e1ndez Contadora Francisco G\u00f3mez Pose Vocal I\u00f1aki Cubillo Bueno Vocal<\/p>\n","protected":false},"author":1,"featured_media":0,"parent":0,"menu_order":0,"comment_status":"closed","ping_status":"closed","template":"","meta":{"jetpack_post_was_ever_published":false,"footnotes":""},"class_list":["post-102","page","type-page","status-publish","h-entry","hentry","h-as-page"],"jetpack_sharing_enabled":true,"post_mailing_queue_ids":[],"_links":{"self":[{"href":"https:\/\/apasantamariadelmar.org\/ApaSMM\/wp-json\/wp\/v2\/pages\/102","targetHints":{"allow":["GET"]}}],"collection":[{"href":"https:\/\/apasantamariadelmar.org\/ApaSMM\/wp-json\/wp\/v2\/pages"}],"about":[{"href":"https:\/\/apasantamariadelmar.org\/ApaSMM\/wp-json\/wp\/v2\/types\/page"}],"author":[{"embeddable":true,"href":"https:\/\/apasantamariadelmar.org\/ApaSMM\/wp-json\/wp\/v2\/users\/1"}],"replies":[{"embeddable":true,"href":"https:\/\/apasantamariadelmar.org\/ApaSMM\/wp-json\/wp\/v2\/comments?post=102"}],"version-history":[{"count":47,"href":"https:\/\/apasantamariadelmar.org\/ApaSMM\/wp-json\/wp\/v2\/pages\/102\/revisions"}],"predecessor-version":[{"id":1928,"href":"https:\/\/apasantamariadelmar.org\/ApaSMM\/wp-json\/wp\/v2\/pages\/102\/revisions\/1928"}],"wp:attachment":[{"href":"https:\/\/apasantamariadelmar.org\/ApaSMM\/wp-json\/wp\/v2\/media?parent=102"}],"curies":[{"name":"wp","href":"https:\/\/api.w.org\/{rel}","templated":true}]}}

<p style="text-align: left;">La composición de la Junta Directiva está formada por:</p>
<table style="width: 100%; height: 1204px;">
<tbody>
<tr style="height: 152px;">
<td style="width: 15%; height: 152px;"><img loading="lazy" decoding="async" class="alignnone size-full wp-image-523" src="https://apasantamariadelmar.org/ApaSMM/wp-content/uploads/MiembrosAPA/Fotos/Foto.png" alt="" width="185" height="225" /></td>
<td style="width: 84.0477%; height: 152px;">Loreto Gómez Tellado</p>
<p>Presidenta</td>
</tr>
<tr style="height: 152px;">
<td style="width: 15%; height: 152px;"><img loading="lazy" decoding="async" class="alignnone size-full wp-image-523" src="https://apasantamariadelmar.org/ApaSMM/wp-content/uploads/MiembrosAPA/Fotos/Foto.png" alt="" width="185" height="225" /></td>
<td style="width: 84.0477%; height: 152px;">Beatriz Ares Castro</p>
<p>Secretaria</td>
</tr>
<tr style="height: 152px;">
<td style="width: 15%; height: 152px;"><img loading="lazy" decoding="async" class="alignnone size-full wp-image-523" src="https://apasantamariadelmar.org/ApaSMM/wp-content/uploads/MiembrosAPA/Fotos/Foto.png" alt="" width="185" height="225" /></td>
<td style="width: 84.0477%; height: 152px;">Marina de la Cuesta Sanjurjo</p>
<p>Vicesecretaria</td>
</tr>
<tr style="height: 170px;">
<td style="width: 15%; height: 170px;"><img loading="lazy" decoding="async" class="alignnone size-full wp-image-523" style="margin-bottom: 15%;" src="https://apasantamariadelmar.org/ApaSMM/wp-content/uploads/MiembrosAPA/Fotos/Foto.png" alt="" width="185" height="225" /></td>
<td style="width: 84.0477%; height: 170px;">Ángeles Trabadela Rodríguez</p>
<p>Tesorera</td>
</tr>
<tr style="height: 170px;">
<td style="width: 15%; height: 170px;"><img loading="lazy" decoding="async" class="alignnone size-full wp-image-523" style="margin-bottom: 15%;" src="https://apasantamariadelmar.org/ApaSMM/wp-content/uploads/MiembrosAPA/Fotos/Foto.png" alt="" width="185" height="225" /></td>
<td style="width: 84.0477%; height: 170px;">Úrsula Martínez Fernández</p>
<p>Contadora</td>
</tr>
<tr style="height: 164px;">
<td style="width: 15%; height: 164px;"><img loading="lazy" decoding="async" class="alignnone size-full wp-image-523" src="https://apasantamariadelmar.org/ApaSMM/wp-content/uploads/MiembrosAPA/Fotos/Foto.png" alt="" width="185" height="225" /></td>
<td style="width: 84.0477%; height: 164px;">Francisco Gómez Pose</p>
<p>Vocal</td>
</tr>
<tr style="height: 23px;">
<td style="width: 15%; height: 23px;"><img loading="lazy" decoding="async" class="alignnone size-full wp-image-523" src="https://apasantamariadelmar.org/ApaSMM/wp-content/uploads/MiembrosAPA/Fotos/Foto.png" alt="" width="185" height="225" /></td>
<td style="width: 84.0477%; height: 23px;">Iñaki Cubillo Bueno</p>
<p>Vocal</td>
</tr>
</tbody>
</table>

<p>La composición de la Junta Directiva está formada por: Loreto Gómez Tellado Presidenta Beatriz Ares Castro Secretaria Marina de la Cuesta Sanjurjo Vicesecretaria Ángeles Trabadela Rodríguez Tesorera Úrsula Martínez Fernández Contadora Francisco Gómez Pose Vocal Iñaki Cubillo Bueno Vocal</p>
