{"id":142,"date":"2017-05-27T15:30:41","date_gmt":"2017-05-27T15:30:41","guid":{"rendered":"http:\/\/apa-smm.esy.es\/?page_id=142"},"modified":"2018-07-04T20:36:20","modified_gmt":"2018-07-04T18:36:20","slug":"colaboraciones","status":"publish","type":"page","link":"https:\/\/apasantamariadelmar.org\/ApaSMM\/colaboraciones\/","title":{"rendered":"Colaboraciones del APA"},"content":{"rendered":"<p style=\"text-align: justify;\">Cada a\u00f1o, el APA colabora con el colegio en diferentes actividades. A continuaci\u00f3n puedes ver, para cada curso acad\u00e9mico, las actividades concretas en las que ha colaborado el APA:<\/p>\n<ul>\n<li><a href=\"https:\/\/apasantamariadelmar.org\/ApaSMM\/colaboraciones-del-apa-en-el-curso-academico-2017-18\/\">Curso 2017\/18<\/a><\/li>\n<li><a href=\"https:\/\/apasantamariadelmar.org\/ApaSMM\/colaboraciones\/colaboraciones-del-apa-en-el-curso-academico-2016-17\/\">Curso 2016\/17<\/a><\/li>\n<\/ul>\n","protected":false},"excerpt":{"rendered":"<p>Cada a\u00f1o, el APA colabora con el colegio en diferentes actividades. A continuaci\u00f3n puedes ver, para cada curso acad\u00e9mico, las actividades concretas en las que ha colaborado el APA: Curso 2017\/18 Curso 2016\/17<\/p>\n","protected":false},"author":1,"featured_media":0,"parent":0,"menu_order":0,"comment_status":"closed","ping_status":"closed","template":"","meta":{"jetpack_post_was_ever_published":false,"footnotes":""},"class_list":["post-142","page","type-page","status-publish","h-entry","hentry","h-as-page"],"jetpack_sharing_enabled":true,"post_mailing_queue_ids":[],"_links":{"self":[{"href":"https:\/\/apasantamariadelmar.org\/ApaSMM\/wp-json\/wp\/v2\/pages\/142","targetHints":{"allow":["GET"]}}],"collection":[{"href":"https:\/\/apasantamariadelmar.org\/ApaSMM\/wp-json\/wp\/v2\/pages"}],"about":[{"href":"https:\/\/apasantamariadelmar.org\/ApaSMM\/wp-json\/wp\/v2\/types\/page"}],"author":[{"embeddable":true,"href":"https:\/\/apasantamariadelmar.org\/ApaSMM\/wp-json\/wp\/v2\/users\/1"}],"replies":[{"embeddable":true,"href":"https:\/\/apasantamariadelmar.org\/ApaSMM\/wp-json\/wp\/v2\/comments?post=142"}],"version-history":[{"count":29,"href":"https:\/\/apasantamariadelmar.org\/ApaSMM\/wp-json\/wp\/v2\/pages\/142\/revisions"}],"predecessor-version":[{"id":670,"href":"https:\/\/apasantamariadelmar.org\/ApaSMM\/wp-json\/wp\/v2\/pages\/142\/revisions\/670"}],"wp:attachment":[{"href":"https:\/\/apasantamariadelmar.org\/ApaSMM\/wp-json\/wp\/v2\/media?parent=142"}],"curies":[{"name":"wp","href":"https:\/\/api.w.org\/{rel}","templated":true}]}}