{"id":485,"date":"2017-10-23T10:03:18","date_gmt":"2017-10-23T08:03:18","guid":{"rendered":"https:\/\/apasantamariadelmar.org\/ApaSMM\/?page_id=485"},"modified":"2024-10-11T10:34:58","modified_gmt":"2024-10-11T08:34:58","slug":"orientacion-educativa","status":"publish","type":"page","link":"https:\/\/apasantamariadelmar.org\/ApaSMM\/comisiones-de-trabajo\/orientacion-educativa\/","title":{"rendered":"Orientaci\u00f3n Educativa"},"content":{"rendered":"<h4>Descripci\u00f3n<\/h4>\n<p style=\"text-align: justify;\">La Junta directiva del APA mantiene una comunicaci\u00f3n peri\u00f3dica con el Departamento de Orientaci\u00f3n Educativa (en adelante, DOE) respecto a las vertientes acad\u00e9mica, madurativa, psicol\u00f3gica y social de los alumnos del centro.<\/p>\n<p>Entre sus principales funciones destaca:<\/p>\n<ul>\n<li style=\"text-align: justify;\">Colaborar con el DOE en la organizaci\u00f3n de aquellas charlas, tanto para alumnos como para profesores y padres, que se consideren oportunas.<\/li>\n<li style=\"text-align: justify;\">Estar informados de las acciones llevadas a cabo por el DOE con los alumnos del centro, tales como pruebas espec\u00edficas, talleres fuera del aula o refuerzo en el aula.<\/li>\n<\/ul>\n<p>Si quieres participar o hacer propuestas a esta comisi\u00f3n puedes hacerlo enviando un correo electr\u00f3nico a <a href=\"mailto:doe@apasantamariadelmar.org\">apa@apasantamariadelmar.org<\/a>.<\/p>\n\n","protected":false},"excerpt":{"rendered":"<p>Descripci\u00f3n La Junta directiva del APA mantiene una comunicaci\u00f3n peri\u00f3dica con el Departamento de Orientaci\u00f3n Educativa (en adelante, DOE) respecto a las vertientes acad\u00e9mica, madurativa, psicol\u00f3gica y social de los alumnos del centro. Entre sus principales funciones destaca: Colaborar con el DOE en la organizaci\u00f3n de aquellas charlas, tanto para alumnos como para profesores y <a href=\"https:\/\/apasantamariadelmar.org\/ApaSMM\/comisiones-de-trabajo\/orientacion-educativa\/\" class=\"more-link\">...contin\u00faa leyendo<span class=\"screen-reader-text\"> \"Orientaci\u00f3n Educativa\"<\/span><\/a><\/p>\n","protected":false},"author":1,"featured_media":0,"parent":148,"menu_order":0,"comment_status":"closed","ping_status":"closed","template":"","meta":{"jetpack_post_was_ever_published":false,"footnotes":""},"class_list":["post-485","page","type-page","status-publish","h-entry","hentry","h-as-page"],"jetpack_sharing_enabled":true,"post_mailing_queue_ids":[],"_links":{"self":[{"href":"https:\/\/apasantamariadelmar.org\/ApaSMM\/wp-json\/wp\/v2\/pages\/485","targetHints":{"allow":["GET"]}}],"collection":[{"href":"https:\/\/apasantamariadelmar.org\/ApaSMM\/wp-json\/wp\/v2\/pages"}],"about":[{"href":"https:\/\/apasantamariadelmar.org\/ApaSMM\/wp-json\/wp\/v2\/types\/page"}],"author":[{"embeddable":true,"href":"https:\/\/apasantamariadelmar.org\/ApaSMM\/wp-json\/wp\/v2\/users\/1"}],"replies":[{"embeddable":true,"href":"https:\/\/apasantamariadelmar.org\/ApaSMM\/wp-json\/wp\/v2\/comments?post=485"}],"version-history":[{"count":18,"href":"https:\/\/apasantamariadelmar.org\/ApaSMM\/wp-json\/wp\/v2\/pages\/485\/revisions"}],"predecessor-version":[{"id":1959,"href":"https:\/\/apasantamariadelmar.org\/ApaSMM\/wp-json\/wp\/v2\/pages\/485\/revisions\/1959"}],"up":[{"embeddable":true,"href":"https:\/\/apasantamariadelmar.org\/ApaSMM\/wp-json\/wp\/v2\/pages\/148"}],"wp:attachment":[{"href":"https:\/\/apasantamariadelmar.org\/ApaSMM\/wp-json\/wp\/v2\/media?parent=485"}],"curies":[{"name":"wp","href":"https:\/\/api.w.org\/{rel}","templated":true}]}}