{"id":499,"date":"2017-10-24T10:11:33","date_gmt":"2017-10-24T08:11:33","guid":{"rendered":"https:\/\/apasantamariadelmar.org\/ApaSMM\/?page_id=499"},"modified":"2024-10-11T10:32:23","modified_gmt":"2024-10-11T08:32:23","slug":"ocio","status":"publish","type":"page","link":"https:\/\/apasantamariadelmar.org\/ApaSMM\/comisiones-de-trabajo\/ocio\/","title":{"rendered":"Deporte y Cultura"},"content":{"rendered":"<h4>Descripci\u00f3n<\/h4>\n<p style=\"text-align: justify;\">Este grupo de trabajo tiene como prop\u00f3sito mantener una comunicaci\u00f3n fluida con el colegio respecto a las diferentes actividades de ocio y tiempo libre que \u00e9ste lleva a cabo. Entre estas tareas destaca, de manera especial, la organizaci\u00f3n de las Fiestas Colegiales en el mes de mayo. El objetivo de estas fiestas es poder disfrutar todos juntos (personal del centro, alumnos y padres) de un d\u00eda festivo con numerosas actividades y diversi\u00f3n para todas las edades.<\/p>\n<p style=\"text-align: justify;\">Entre sus principales funciones destaca:<\/p>\n<ul>\n<li style=\"text-align: justify;\">Colaborar en las actividades de paraescolares organizadas por el colegio.<\/li>\n<li style=\"text-align: justify;\">Dar soporte al Camino de Santiago que, desde hace m\u00e1s de diez a\u00f1os, viene organizando el colegio.<\/li>\n<li style=\"text-align: justify;\">Colaborar con el colegio en la organizaci\u00f3n de las diferentes actividades que se llevar\u00e1n a cabo durante las Fiestas Colegiales. Entre estas actividades se pueden destacar, por ejemplo, la contrataci\u00f3n de un servicio de seguridad, organizar una\u00a0ludoteca infantil para los m\u00e1s peque\u00f1os, la instalaci\u00f3n de un\u00a0roc\u00f3dromo de escalada, un circuito de trickers, hinchable para diferentes edades, taller de ciencia divertida, la celebraci\u00f3n de diferentes campeonatos deportivos o la chocolatada con la que se pone fin a este d\u00eda.<\/li>\n<\/ul>\n<h4>Si quieres participar o hacer propuestas a esta comisi\u00f3n puedes hacerlo enviando un correo electr\u00f3nico a <a style=\"font-size: revert;\" href=\"mailto:ocio@apasantamariadelmar.org\">apa@apasantamariadelmar.org<\/a><span style=\"color: initial; font-size: revert;\">.<\/span><\/h4>\n","protected":false},"excerpt":{"rendered":"<p>Descripci\u00f3n Este grupo de trabajo tiene como prop\u00f3sito mantener una comunicaci\u00f3n fluida con el colegio respecto a las diferentes actividades de ocio y tiempo libre que \u00e9ste lleva a cabo. Entre estas tareas destaca, de manera especial, la organizaci\u00f3n de las Fiestas Colegiales en el mes de mayo. El objetivo de estas fiestas es poder <a href=\"https:\/\/apasantamariadelmar.org\/ApaSMM\/comisiones-de-trabajo\/ocio\/\" class=\"more-link\">...contin\u00faa leyendo<span class=\"screen-reader-text\"> \"Deporte y Cultura\"<\/span><\/a><\/p>\n","protected":false},"author":1,"featured_media":0,"parent":148,"menu_order":0,"comment_status":"closed","ping_status":"closed","template":"","meta":{"jetpack_post_was_ever_published":false,"footnotes":""},"class_list":["post-499","page","type-page","status-publish","h-entry","hentry","h-as-page"],"jetpack_sharing_enabled":true,"post_mailing_queue_ids":[],"_links":{"self":[{"href":"https:\/\/apasantamariadelmar.org\/ApaSMM\/wp-json\/wp\/v2\/pages\/499","targetHints":{"allow":["GET"]}}],"collection":[{"href":"https:\/\/apasantamariadelmar.org\/ApaSMM\/wp-json\/wp\/v2\/pages"}],"about":[{"href":"https:\/\/apasantamariadelmar.org\/ApaSMM\/wp-json\/wp\/v2\/types\/page"}],"author":[{"embeddable":true,"href":"https:\/\/apasantamariadelmar.org\/ApaSMM\/wp-json\/wp\/v2\/users\/1"}],"replies":[{"embeddable":true,"href":"https:\/\/apasantamariadelmar.org\/ApaSMM\/wp-json\/wp\/v2\/comments?post=499"}],"version-history":[{"count":23,"href":"https:\/\/apasantamariadelmar.org\/ApaSMM\/wp-json\/wp\/v2\/pages\/499\/revisions"}],"predecessor-version":[{"id":1956,"href":"https:\/\/apasantamariadelmar.org\/ApaSMM\/wp-json\/wp\/v2\/pages\/499\/revisions\/1956"}],"up":[{"embeddable":true,"href":"https:\/\/apasantamariadelmar.org\/ApaSMM\/wp-json\/wp\/v2\/pages\/148"}],"wp:attachment":[{"href":"https:\/\/apasantamariadelmar.org\/ApaSMM\/wp-json\/wp\/v2\/media?parent=499"}],"curies":[{"name":"wp","href":"https:\/\/api.w.org\/{rel}","templated":true}]}}