{"id":64,"date":"2017-05-25T17:59:03","date_gmt":"2017-05-25T17:59:03","guid":{"rendered":"http:\/\/apa-smm.esy.es\/?page_id=64"},"modified":"2019-04-01T11:41:30","modified_gmt":"2019-04-01T09:41:30","slug":"inicio","status":"publish","type":"page","link":"https:\/\/apasantamariadelmar.org\/ApaSMM\/inicio\/","title":{"rendered":"Bienvenida"},"content":{"rendered":"<p style=\"text-align: justify;\">Bienvenido a la p\u00e1gina WEB del APA del Colegio Santa Maria del Mar de La Coru\u00f1a.<\/p>\n<p style=\"text-align: justify;\">Aqu\u00ed podr\u00e1s encontrar informaci\u00f3n de inter\u00e9s sobre las actividades que desarrolla el APA, y en general sobre la comunidad colegial. Es nuestra intenci\u00f3n que se convierta en una plataforma \u00fatil con informaci\u00f3n actualizada sobre las actividades en las que colaboramos.<\/p>\n<p style=\"text-align: justify;\">Si quieres estar informado de lo que hacemos en el APA te recomendamos que te suscribas a nuestra web. As\u00ed, recibir\u00e1s un correo resumen cada vez que se realice una nueva entrada. Si m\u00e1s adelante deseas cancelar la suscripci\u00f3n, podr\u00e1s hacerlo simplemente pinchando en el link de baja que recibir\u00e1s con cada correo y, en ese mismo momento, se proceder\u00e1n a eliminar todos tus datos.<\/p>\n<p style=\"text-align: justify;\">Si lo prefieres, puedes seguirnos en Twitter, en donde se enviar\u00e1 un Tweet cada vez que se produzca alguna novedad con el enlace a la noticia de la web.<\/p>\n<p style=\"text-align: justify;\">Finalmente, comentar que el trabajo de los padres del colegio es fundamental, por lo que si est\u00e1s interesado en colaborar con nosotros env\u00edanos un mail a <a href=\"mailto:apa@apasantamariadelmar.org\">apa@apasantamariadelmar.org<\/a>. \u00a1Estar\u00edamos encantados de contar con tu ayuda!<\/p>\n","protected":false},"excerpt":{"rendered":"<p>Bienvenido a la p\u00e1gina WEB del APA del Colegio Santa Maria del Mar de La Coru\u00f1a. Aqu\u00ed podr\u00e1s encontrar informaci\u00f3n de inter\u00e9s sobre las actividades que desarrolla el APA, y en general sobre la comunidad colegial. Es nuestra intenci\u00f3n que se convierta en una plataforma \u00fatil con informaci\u00f3n actualizada sobre las actividades en las que <a href=\"https:\/\/apasantamariadelmar.org\/ApaSMM\/inicio\/\" class=\"more-link\">...contin\u00faa leyendo<span class=\"screen-reader-text\"> \"Bienvenida\"<\/span><\/a><\/p>\n","protected":false},"author":1,"featured_media":0,"parent":0,"menu_order":0,"comment_status":"closed","ping_status":"closed","template":"","meta":{"jetpack_post_was_ever_published":false,"footnotes":""},"class_list":["post-64","page","type-page","status-publish","h-entry","hentry","h-as-page"],"jetpack_sharing_enabled":true,"post_mailing_queue_ids":[],"_links":{"self":[{"href":"https:\/\/apasantamariadelmar.org\/ApaSMM\/wp-json\/wp\/v2\/pages\/64","targetHints":{"allow":["GET"]}}],"collection":[{"href":"https:\/\/apasantamariadelmar.org\/ApaSMM\/wp-json\/wp\/v2\/pages"}],"about":[{"href":"https:\/\/apasantamariadelmar.org\/ApaSMM\/wp-json\/wp\/v2\/types\/page"}],"author":[{"embeddable":true,"href":"https:\/\/apasantamariadelmar.org\/ApaSMM\/wp-json\/wp\/v2\/users\/1"}],"replies":[{"embeddable":true,"href":"https:\/\/apasantamariadelmar.org\/ApaSMM\/wp-json\/wp\/v2\/comments?post=64"}],"version-history":[{"count":10,"href":"https:\/\/apasantamariadelmar.org\/ApaSMM\/wp-json\/wp\/v2\/pages\/64\/revisions"}],"predecessor-version":[{"id":1111,"href":"https:\/\/apasantamariadelmar.org\/ApaSMM\/wp-json\/wp\/v2\/pages\/64\/revisions\/1111"}],"wp:attachment":[{"href":"https:\/\/apasantamariadelmar.org\/ApaSMM\/wp-json\/wp\/v2\/media?parent=64"}],"curies":[{"name":"wp","href":"https:\/\/api.w.org\/{rel}","templated":true}]}}